{"id":5632,"date":"2022-03-29T23:05:58","date_gmt":"2022-03-29T21:05:58","guid":{"rendered":"https:\/\/nova.salonsauvignon.eu\/?page_id=5632"},"modified":"2022-04-06T14:15:06","modified_gmt":"2022-04-06T12:15:06","slug":"kulinarika","status":"publish","type":"page","link":"https:\/\/salonsauvignon.eu\/ger\/kulinarisch\/","title":{"rendered":"Kulinarisches"},"content":{"rendered":"<div data-elementor-type=\"wp-page\" data-elementor-id=\"5632\" class=\"elementor elementor-5632\">\n\t\t\t\t\t\t<section class=\"elementor-section elementor-top-section elementor-element elementor-element-ca0b1a6 elementor-section-boxed elementor-section-height-default elementor-section-height-default\" data-id=\"ca0b1a6\" data-element_type=\"section\" data-settings=\"{&quot;jet_parallax_layout_list&quot;:[],&quot;background_background&quot;:&quot;classic&quot;}\">\n\t\t\t\t\t\t\t<div class=\"elementor-background-overlay\"><\/div>\n\t\t\t\t\t\t\t<div class=\"elementor-container elementor-column-gap-default\">\n\t\t\t\t\t<div class=\"elementor-column elementor-col-100 elementor-top-column elementor-element elementor-element-19bc055\" data-id=\"19bc055\" data-element_type=\"column\">\n\t\t\t<div class=\"elementor-widget-wrap elementor-element-populated\">\n\t\t\t\t\t\t<div class=\"elementor-element elementor-element-0076c03 elementor-widget elementor-widget-heading\" data-id=\"0076c03\" data-element_type=\"widget\" data-widget_type=\"heading.default\">\n\t\t\t\t<div class=\"elementor-widget-container\">\n\t\t\t<h2 class=\"elementor-heading-title elementor-size-default\">Kulinarisch<\/h2>\t\t<\/div>\n\t\t\t\t<\/div>\n\t\t\t\t\t<\/div>\n\t\t<\/div>\n\t\t\t\t\t<\/div>\n\t\t<\/section>\n\t\t\t\t<section class=\"elementor-section elementor-top-section elementor-element elementor-element-b9eddb6 elementor-section-boxed elementor-section-height-default elementor-section-height-default\" data-id=\"b9eddb6\" data-element_type=\"section\" data-settings=\"{&quot;jet_parallax_layout_list&quot;:[]}\">\n\t\t\t\t\t\t<div class=\"elementor-container elementor-column-gap-default\">\n\t\t\t\t\t<div class=\"elementor-column elementor-col-100 elementor-top-column elementor-element elementor-element-04c92d6\" data-id=\"04c92d6\" data-element_type=\"column\">\n\t\t\t<div class=\"elementor-widget-wrap elementor-element-populated\">\n\t\t\t\t\t\t<div class=\"elementor-element elementor-element-fdb19a8 elementor-widget elementor-widget-text-editor\" data-id=\"fdb19a8\" data-element_type=\"widget\" data-widget_type=\"text-editor.default\">\n\t\t\t\t<div class=\"elementor-widget-container\">\n\t\t\t\t\t\t\t<p>Der Samstag steht ganz im Zeichen von Spitzen-Sauvignons im wundersch\u00f6nen Ambiente des Dominikanerklosters und steirischer Spitzenk\u00fcche mit modernem Touch im Sunny Park vor dem Kloster. F\u00fcr einen Tag verwandeln wir den dominikanischen Komplex in eine Umgebung des exzellenten Genusses, basierend auf dem Prinzip, dass Wein eine Kultur ist und dass nur exzellente Kontexte f\u00fcr seinen Genuss zu seinen exzellenten Exemplaren geh\u00f6ren. Wein und Essen werden von Musik, Kunst, Meisterverkostungen, Vortr\u00e4gen \u00fcber die Goldene Rebe und vor allem von der entspannten und geselligen Atmosph\u00e4re begleitet, die wir bei fr\u00fcheren Ausgaben des Salons genossen haben.<\/p>\t\t\t\t\t\t<\/div>\n\t\t\t\t<\/div>\n\t\t\t\t\t<\/div>\n\t\t<\/div>\n\t\t\t\t\t<\/div>\n\t\t<\/section>\n\t\t\t\t<section class=\"elementor-section elementor-top-section elementor-element elementor-element-683b4653 elementor-section-boxed elementor-section-height-default elementor-section-height-default\" data-id=\"683b4653\" data-element_type=\"section\" data-settings=\"{&quot;jet_parallax_layout_list&quot;:[],&quot;background_background&quot;:&quot;classic&quot;}\">\n\t\t\t\t\t\t<div class=\"elementor-container elementor-column-gap-default\">\n\t\t\t\t\t<div class=\"elementor-column elementor-col-100 elementor-top-column elementor-element elementor-element-52c61428\" data-id=\"52c61428\" data-element_type=\"column\">\n\t\t\t<div class=\"elementor-widget-wrap elementor-element-populated\">\n\t\t\t\t\t\t<div class=\"elementor-element elementor-element-f7c7b05 elementor-widget elementor-widget-jet-carousel\" data-id=\"f7c7b05\" data-element_type=\"widget\" data-settings=\"{&quot;slides_to_show&quot;:&quot;3&quot;,&quot;slides_to_show_mobile&quot;:&quot;1&quot;,&quot;slides_to_scroll&quot;:&quot;1&quot;}\" data-widget_type=\"jet-carousel.default\">\n\t\t\t\t<div class=\"elementor-widget-container\">\n\t\t\t<div class=\"elementor-jet-carousel jet-elements\"><div class=\"jet-carousel-wrap\">\n\t<div class=\"jet-carousel\" data-slider_options=\"{&quot;autoplaySpeed&quot;:5000,&quot;autoplay&quot;:true,&quot;infinite&quot;:true,&quot;centerMode&quot;:false,&quot;centerPadding&quot;:&quot;50px&quot;,&quot;pauseOnHover&quot;:false,&quot;speed&quot;:500,&quot;arrows&quot;:true,&quot;dots&quot;:false,&quot;variableWidth&quot;:false,&quot;prevArrow&quot;:&quot;.jet-carousel__prev-arrow-f7c7b05&quot;,&quot;nextArrow&quot;:&quot;.jet-carousel__next-arrow-f7c7b05&quot;,&quot;rtl&quot;:false,&quot;fractionNav&quot;:false}\" dir=\"ltr\">\n\t<div class=\"elementor-slick-slider\">\n\n<div class=\"jet-carousel__item\">\n\t<div class=\"jet-carousel__item-inner\"><a href=\"#\" class=\"jet-carousel__item-link\" ><img decoding=\"async\" src=\"https:\/\/salonsauvignon.eu\/wp-content\/uploads\/2022\/03\/Amadeus-1.jpg\" class=\"jet-carousel__item-img\" alt=\"Amadeus-1\" loading=\"lazy\"><\/a><div class=\"jet-carousel__content\"><h5 class=\"jet-carousel__item-title\">Restaurant Amadeus<\/h5><div class=\"jet-carousel__item-text\">Pre\u0161ernova ulica 36<br>\n2250 Ptuj<br><br>\n<\/div><\/div><\/div>\n<\/div>\n\n<div class=\"jet-carousel__item\">\n\t<div class=\"jet-carousel__item-inner\"><a href=\"#\" class=\"jet-carousel__item-link\" ><img decoding=\"async\" src=\"https:\/\/salonsauvignon.eu\/wp-content\/uploads\/2022\/03\/grabarweb.jpg\" class=\"jet-carousel__item-img\" alt=\"grabarweb\" loading=\"lazy\"><\/a><div class=\"jet-carousel__content\"><h5 class=\"jet-carousel__item-title\">Restaurant Grabar<\/h5><div class=\"jet-carousel__item-text\">Rabel\u010dja vas 15a<br>\n2250 Ptuj<br><br><\/div><\/div><\/div>\n<\/div>\n\n<div class=\"jet-carousel__item\">\n\t<div class=\"jet-carousel__item-inner\"><a href=\"#\" class=\"jet-carousel__item-link\" ><img decoding=\"async\" src=\"https:\/\/salonsauvignon.eu\/wp-content\/uploads\/2022\/03\/Panweb.jpg\" class=\"jet-carousel__item-img\" alt=\"Panweb\" loading=\"lazy\"><\/a><div class=\"jet-carousel__content\"><h5 class=\"jet-carousel__item-title\">Restaurant Ribi\u010d<\/h5><div class=\"jet-carousel__item-text\">Vrazov trg 1<br>\n2250 Ptuj<br><br><\/div><\/div><\/div>\n<\/div>\n\n<div class=\"jet-carousel__item\">\n\t<div class=\"jet-carousel__item-inner\"><a href=\"#\" class=\"jet-carousel__item-link\" ><img decoding=\"async\" src=\"https:\/\/salonsauvignon.eu\/wp-content\/uploads\/2022\/03\/Terme.jpg\" class=\"jet-carousel__item-img\" alt=\"Terme\" loading=\"lazy\"><\/a><div class=\"jet-carousel__content\"><h5 class=\"jet-carousel__item-title\">Grand Hotel Primus<\/h5><div class=\"jet-carousel__item-text\">Der Weg nach Toplice 9<br>\n2250 Ptuj<br><br><\/div><\/div><\/div>\n<\/div>\n<\/div><div class=\"jet-carousel__prev-arrow-f7c7b05 jet-arrow prev-arrow\"><i aria-hidden=\"true\" class=\"fas fa-angle-left\"><\/i><\/div><div class=\"jet-carousel__next-arrow-f7c7b05 jet-arrow next-arrow\"><i aria-hidden=\"true\" class=\"fas fa-angle-right\"><\/i><\/div><\/div>\n<\/div>\n<\/div>\t\t<\/div>\n\t\t\t\t<\/div>\n\t\t\t\t\t<\/div>\n\t\t<\/div>\n\t\t\t\t\t<\/div>\n\t\t<\/section>\n\t\t\t\t<\/div>","protected":false},"excerpt":{"rendered":"<p>Kulinarisches Das Hauptereignis am Samstag wird von feinen Sauvignons in der wundersch\u00f6nen Umgebung des Dominikanerklosters und feiner steirischer K\u00fcche mit modernem Touch im Sunny Park davor gepr\u00e4gt sein. F\u00fcr einen Tag verwandeln wir den dominikanischen Komplex in eine Umgebung des exzellenten Genusses, basierend auf dem Prinzip, dass Wein eine Kultur ist und dass nur exzellente Kontexte f\u00fcr seinen Genuss zu seinen exzellenten Exemplaren geh\u00f6ren. [...]<\/p>","protected":false},"author":4,"featured_media":0,"parent":0,"menu_order":0,"comment_status":"closed","ping_status":"closed","template":"elementor_header_footer","meta":{"footnotes":""},"class_list":["post-5632","page","type-page","status-publish","hentry"],"jetpack_sharing_enabled":true,"_links":{"self":[{"href":"https:\/\/salonsauvignon.eu\/ger\/wp-json\/wp\/v2\/pages\/5632","targetHints":{"allow":["GET"]}}],"collection":[{"href":"https:\/\/salonsauvignon.eu\/ger\/wp-json\/wp\/v2\/pages"}],"about":[{"href":"https:\/\/salonsauvignon.eu\/ger\/wp-json\/wp\/v2\/types\/page"}],"author":[{"embeddable":true,"href":"https:\/\/salonsauvignon.eu\/ger\/wp-json\/wp\/v2\/users\/4"}],"replies":[{"embeddable":true,"href":"https:\/\/salonsauvignon.eu\/ger\/wp-json\/wp\/v2\/comments?post=5632"}],"version-history":[{"count":0,"href":"https:\/\/salonsauvignon.eu\/ger\/wp-json\/wp\/v2\/pages\/5632\/revisions"}],"wp:attachment":[{"href":"https:\/\/salonsauvignon.eu\/ger\/wp-json\/wp\/v2\/media?parent=5632"}],"curies":[{"name":"wp","href":"https:\/\/api.w.org\/{rel}","templated":true}]}}

<div data-elementor-type="wp-page" data-elementor-id="5632" class="elementor elementor-5632">
						<section class="elementor-section elementor-top-section elementor-element elementor-element-ca0b1a6 elementor-section-boxed elementor-section-height-default elementor-section-height-default" data-id="ca0b1a6" data-element_type="section" data-settings="{&quot;jet_parallax_layout_list&quot;:[],&quot;background_background&quot;:&quot;classic&quot;}">
							<div class="elementor-background-overlay"></div>
							<div class="elementor-container elementor-column-gap-default">
					<div class="elementor-column elementor-col-100 elementor-top-column elementor-element elementor-element-19bc055" data-id="19bc055" data-element_type="column">
			<div class="elementor-widget-wrap elementor-element-populated">
						<div class="elementor-element elementor-element-0076c03 elementor-widget elementor-widget-heading" data-id="0076c03" data-element_type="widget" data-widget_type="heading.default">
				<div class="elementor-widget-container">
			<h2 class="elementor-heading-title elementor-size-default">Kulinarisch</h2>		</div>
				</div>
					</div>
		</div>
					</div>
		</section>
				<section class="elementor-section elementor-top-section elementor-element elementor-element-b9eddb6 elementor-section-boxed elementor-section-height-default elementor-section-height-default" data-id="b9eddb6" data-element_type="section" data-settings="{&quot;jet_parallax_layout_list&quot;:[]}">
						<div class="elementor-container elementor-column-gap-default">
					<div class="elementor-column elementor-col-100 elementor-top-column elementor-element elementor-element-04c92d6" data-id="04c92d6" data-element_type="column">
			<div class="elementor-widget-wrap elementor-element-populated">
						<div class="elementor-element elementor-element-fdb19a8 elementor-widget elementor-widget-text-editor" data-id="fdb19a8" data-element_type="widget" data-widget_type="text-editor.default">
				<div class="elementor-widget-container">
							<p>Der Samstag steht ganz im Zeichen von Spitzen-Sauvignons im wunderschönen Ambiente des Dominikanerklosters und steirischer Spitzenküche mit modernem Touch im Sunny Park vor dem Kloster. Für einen Tag verwandeln wir den dominikanischen Komplex in eine Umgebung des exzellenten Genusses, basierend auf dem Prinzip, dass Wein eine Kultur ist und dass nur exzellente Kontexte für seinen Genuss zu seinen exzellenten Exemplaren gehören. Wein und Essen werden von Musik, Kunst, Meisterverkostungen, Vorträgen über die Goldene Rebe und vor allem von der entspannten und geselligen Atmosphäre begleitet, die wir bei früheren Ausgaben des Salons genossen haben.</p>						</div>
				</div>
					</div>
		</div>
					</div>
		</section>
				<section class="elementor-section elementor-top-section elementor-element elementor-element-683b4653 elementor-section-boxed elementor-section-height-default elementor-section-height-default" data-id="683b4653" data-element_type="section" data-settings="{&quot;jet_parallax_layout_list&quot;:[],&quot;background_background&quot;:&quot;classic&quot;}">
						<div class="elementor-container elementor-column-gap-default">
					<div class="elementor-column elementor-col-100 elementor-top-column elementor-element elementor-element-52c61428" data-id="52c61428" data-element_type="column">
			<div class="elementor-widget-wrap elementor-element-populated">
						<div class="elementor-element elementor-element-f7c7b05 elementor-widget elementor-widget-jet-carousel" data-id="f7c7b05" data-element_type="widget" data-settings="{&quot;slides_to_show&quot;:&quot;3&quot;,&quot;slides_to_show_mobile&quot;:&quot;1&quot;,&quot;slides_to_scroll&quot;:&quot;1&quot;}" data-widget_type="jet-carousel.default">
				<div class="elementor-widget-container">
			<div class="elementor-jet-carousel jet-elements"><div class="jet-carousel-wrap">
	<div class="jet-carousel" data-slider_options="{&quot;autoplaySpeed&quot;:5000,&quot;autoplay&quot;:true,&quot;infinite&quot;:true,&quot;centerMode&quot;:false,&quot;centerPadding&quot;:&quot;50px&quot;,&quot;pauseOnHover&quot;:false,&quot;speed&quot;:500,&quot;arrows&quot;:true,&quot;dots&quot;:false,&quot;variableWidth&quot;:false,&quot;prevArrow&quot;:&quot;.jet-carousel__prev-arrow-f7c7b05&quot;,&quot;nextArrow&quot;:&quot;.jet-carousel__next-arrow-f7c7b05&quot;,&quot;rtl&quot;:false,&quot;fractionNav&quot;:false}" dir="ltr">
	<div class="elementor-slick-slider">

<div class="jet-carousel__item">
	<div class="jet-carousel__item-inner"><a href="#" class="jet-carousel__item-link" ><img decoding="async" src="https://salonsauvignon.eu/wp-content/uploads/2022/03/Amadeus-1.jpg" class="jet-carousel__item-img" alt="Amadeus-1" loading="lazy"></a><div class="jet-carousel__content"><h5 class="jet-carousel__item-title">Restaurant Amadeus</h5><div class="jet-carousel__item-text">Prešernova ulica 36<br>
2250 Ptuj<br><br>
</div></div></div>
</div>

<div class="jet-carousel__item">
	<div class="jet-carousel__item-inner"><a href="#" class="jet-carousel__item-link" ><img decoding="async" src="https://salonsauvignon.eu/wp-content/uploads/2022/03/grabarweb.jpg" class="jet-carousel__item-img" alt="grabarweb" loading="lazy"></a><div class="jet-carousel__content"><h5 class="jet-carousel__item-title">Restaurant Grabar</h5><div class="jet-carousel__item-text">Rabelčja vas 15a<br>
2250 Ptuj<br><br></div></div></div>
</div>

<div class="jet-carousel__item">
	<div class="jet-carousel__item-inner"><a href="#" class="jet-carousel__item-link" ><img decoding="async" src="https://salonsauvignon.eu/wp-content/uploads/2022/03/Panweb.jpg" class="jet-carousel__item-img" alt="Panweb" loading="lazy"></a><div class="jet-carousel__content"><h5 class="jet-carousel__item-title">Restaurant Ribič</h5><div class="jet-carousel__item-text">Vrazov trg 1<br>
2250 Ptuj<br><br></div></div></div>
</div>

<div class="jet-carousel__item">
	<div class="jet-carousel__item-inner"><a href="#" class="jet-carousel__item-link" ><img decoding="async" src="https://salonsauvignon.eu/wp-content/uploads/2022/03/Terme.jpg" class="jet-carousel__item-img" alt="Terme" loading="lazy"></a><div class="jet-carousel__content"><h5 class="jet-carousel__item-title">Grand Hotel Primus</h5><div class="jet-carousel__item-text">Der Weg nach Toplice 9<br>
2250 Ptuj<br><br></div></div></div>
</div>
</div><div class="jet-carousel__prev-arrow-f7c7b05 jet-arrow prev-arrow"><i aria-hidden="true" class="fas fa-angle-left"></i></div><div class="jet-carousel__next-arrow-f7c7b05 jet-arrow next-arrow"><i aria-hidden="true" class="fas fa-angle-right"></i></div></div>
</div>
</div>		</div>
				</div>
					</div>
		</div>
					</div>
		</section>
				</div>

<p>Kulinarisches Das Hauptereignis am Samstag wird von feinen Sauvignons in der wunderschönen Umgebung des Dominikanerklosters und feiner steirischer Küche mit modernem Touch im Sunny Park davor geprägt sein. Für einen Tag verwandeln wir den dominikanischen Komplex in eine Umgebung des exzellenten Genusses, basierend auf dem Prinzip, dass Wein eine Kultur ist und dass nur exzellente Kontexte für seinen Genuss zu seinen exzellenten Exemplaren gehören. [...]</p>
